[INFO] cloning repository https://github.com/ChristianDre/BuSC
[INFO] running `Command { std: "git" "-c" "credential.helper=" "-c" "credential.helper=/workspace/cargo-home/bin/git-credential-null" "clone" "--bare" "https://github.com/ChristianDre/BuSC" "/workspace/cache/git-repos/https%3A%2F%2Fgithub.com%2FChristianDre%2FBuSC", kill_on_drop: false }`
[INFO] [stderr] Cloning into bare repository '/workspace/cache/git-repos/https%3A%2F%2Fgithub.com%2FChristianDre%2FBuSC'...
[INFO] running `Command { std: "git" "rev-parse" "HEAD", kill_on_drop: false }`
[INFO] [stdout] 0b034d93b86332b89edd383c451e277859b836d1
[INFO] checking ChristianDre/BuSC against master#9610dfe5a9a731ced1ea4923ecbd0c57fe367898 for beta-170-4
[INFO] running `Command { std: "git" "clone" "/workspace/cache/git-repos/https%3A%2F%2Fgithub.com%2FChristianDre%2FBuSC" "/workspace/builds/worker-3-tc1/source", kill_on_drop: false }`
[INFO] [stderr] Cloning into '/workspace/builds/worker-3-tc1/source'...
[INFO] [stderr] done.
[INFO] validating manifest of git repo https://github.com/ChristianDre/BuSC on toolchain 9610dfe5a9a731ced1ea4923ecbd0c57fe367898
[INFO] running `Command { std: CARGO_HOME="/workspace/cargo-home" RUSTUP_HOME="/workspace/rustup-home" "/workspace/cargo-home/bin/cargo" "+9610dfe5a9a731ced1ea4923ecbd0c57fe367898" "metadata" "--manifest-path" "Cargo.toml" "--no-deps", kill_on_drop: false }`
[INFO] started tweaking git repo https://github.com/ChristianDre/BuSC
[INFO] finished tweaking git repo https://github.com/ChristianDre/BuSC
[INFO] tweaked toml for git repo https://github.com/ChristianDre/BuSC written to /workspace/builds/worker-3-tc1/source/Cargo.toml
[INFO] crate git repo https://github.com/ChristianDre/BuSC already has a lockfile, it will not be regenerated
[INFO] running `Command { std: CARGO_HOME="/workspace/cargo-home" RUSTUP_HOME="/workspace/rustup-home" "/workspace/cargo-home/bin/cargo" "+9610dfe5a9a731ced1ea4923ecbd0c57fe367898" "fetch" "--manifest-path" "Cargo.toml", kill_on_drop: false }`
[INFO] [stderr]  Downloading crates ...
[INFO] [stderr]   Downloaded anchor-attribute-state v0.25.0
[INFO] [stderr]   Downloaded anchor-lang v0.25.0
[INFO] [stderr]   Downloaded anchor-attribute-access-control v0.25.0
[INFO] [stderr]   Downloaded anchor-attribute-constant v0.25.0
[INFO] [stderr]   Downloaded anchor-attribute-program v0.25.0
[INFO] [stderr]   Downloaded solana-sdk-macro v1.10.32
[INFO] [stderr]   Downloaded anchor-attribute-account v0.25.0
[INFO] [stderr]   Downloaded solana-frozen-abi v1.10.32
[INFO] [stderr]   Downloaded anchor-attribute-error v0.25.0
[INFO] [stderr]   Downloaded anchor-attribute-interface v0.25.0
[INFO] [stderr]   Downloaded anchor-syn v0.25.0
[INFO] [stderr]   Downloaded anchor-attribute-event v0.25.0
[INFO] [stderr]   Downloaded solana-program v1.10.32
[INFO] [stderr]   Downloaded anchor-derive-accounts v0.25.0
[INFO] [stderr]   Downloaded solana-frozen-abi-macro v1.10.32
[INFO] running `Command { std: "docker" "create" "-v" "/var/lib/crater-agent-workspace/builds/worker-3-tc1/target:/opt/rustwide/target:rw,Z" "-v" "/var/lib/crater-agent-workspace/builds/worker-3-tc1/source:/opt/rustwide/workdir:ro,Z" "-v" "/var/lib/crater-agent-workspace/cargo-home:/opt/rustwide/cargo-home:ro,Z" "-v" "/var/lib/crater-agent-workspace/rustup-home:/opt/rustwide/rustup-home:ro,Z" "-e" "SOURCE_DIR=/opt/rustwide/workdir" "-e" "CARGO_TARGET_DIR=/opt/rustwide/target" "-e" "CARGO_HOME=/opt/rustwide/cargo-home" "-e" "RUSTUP_HOME=/opt/rustwide/rustup-home" "-w" "/opt/rustwide/workdir" "-m" "1610612736" "--user" "0:0" "--network" "none" "ghcr.io/rust-lang/crates-build-env/linux@sha256:19e73879b68f455e41552ea35293514db52ea292d993f571636dbffedb77a1ee" "/opt/rustwide/cargo-home/bin/cargo" "+9610dfe5a9a731ced1ea4923ecbd0c57fe367898" "metadata" "--no-deps" "--format-version=1", kill_on_drop: false }`
[INFO] [stdout] 9dce09077b10f4d1f83a90d85a8e64b11d189608710fc30f9d71a985addfea15
[INFO] running `Command { std: "docker" "start" "-a" "9dce09077b10f4d1f83a90d85a8e64b11d189608710fc30f9d71a985addfea15", kill_on_drop: false }`
[INFO] running `Command { std: "docker" "inspect" "9dce09077b10f4d1f83a90d85a8e64b11d189608710fc30f9d71a985addfea15", kill_on_drop: false }`
[INFO] running `Command { std: "docker" "rm" "-f" "9dce09077b10f4d1f83a90d85a8e64b11d189608710fc30f9d71a985addfea15", kill_on_drop: false }`
[INFO] [stdout] 9dce09077b10f4d1f83a90d85a8e64b11d189608710fc30f9d71a985addfea15
[INFO] running `Command { std: "docker" "create" "-v" "/var/lib/crater-agent-workspace/builds/worker-3-tc1/target:/opt/rustwide/target:rw,Z" "-v" "/var/lib/crater-agent-workspace/builds/worker-3-tc1/source:/opt/rustwide/workdir:ro,Z" "-v" "/var/lib/crater-agent-workspace/cargo-home:/opt/rustwide/cargo-home:ro,Z" "-v" "/var/lib/crater-agent-workspace/rustup-home:/opt/rustwide/rustup-home:ro,Z" "-e" "SOURCE_DIR=/opt/rustwide/workdir" "-e" "CARGO_TARGET_DIR=/opt/rustwide/target" "-e" "CARGO_INCREMENTAL=0" "-e" "RUST_BACKTRACE=full" "-e" "RUSTFLAGS=--cap-lints=forbid" "-e" "RUSTDOCFLAGS=--cap-lints=forbid" "-e" "CARGO_HOME=/opt/rustwide/cargo-home" "-e" "RUSTUP_HOME=/opt/rustwide/rustup-home" "-w" "/opt/rustwide/workdir" "-m" "1610612736" "--user" "0:0" "--network" "none" "ghcr.io/rust-lang/crates-build-env/linux@sha256:19e73879b68f455e41552ea35293514db52ea292d993f571636dbffedb77a1ee" "/opt/rustwide/cargo-home/bin/cargo" "+9610dfe5a9a731ced1ea4923ecbd0c57fe367898" "check" "--frozen" "--all" "--all-targets" "--message-format=json", kill_on_drop: false }`
[INFO] [stdout] 1949cbe07c7eb12955cc0ac73dd20d1c829f85ab5b5da32bb00dddbb1363ec89
[INFO] running `Command { std: "docker" "start" "-a" "1949cbe07c7eb12955cc0ac73dd20d1c829f85ab5b5da32bb00dddbb1363ec89", kill_on_drop: false }`
[INFO] [stderr]    Compiling proc-macro2 v1.0.40
[INFO] [stderr]    Compiling unicode-ident v1.0.2
[INFO] [stderr]    Compiling quote v1.0.20
[INFO] [stderr]    Compiling syn v1.0.98
[INFO] [stderr]    Compiling serde_derive v1.0.140
[INFO] [stderr]    Compiling serde v1.0.140
[INFO] [stderr]    Compiling libc v0.2.126
[INFO] [stderr]    Compiling anyhow v1.0.58
[INFO] [stderr]    Compiling semver v1.0.12
[INFO] [stderr]     Checking subtle v2.4.1
[INFO] [stderr]     Checking once_cell v1.13.0
[INFO] [stderr]    Compiling generic-array v0.14.5
[INFO] [stderr]    Compiling proc-macro2-diagnostics v0.9.1
[INFO] [stderr]    Compiling serde_json v1.0.82
[INFO] [stderr]    Compiling unicode-segmentation v1.9.0
[INFO] [stderr]    Compiling typenum v1.15.0
[INFO] [stderr]    Compiling yansi v0.5.1
[INFO] [stderr]    Compiling cpufeatures v0.2.2
[INFO] [stderr]    Compiling crunchy v0.2.2
[INFO] [stderr]    Compiling ryu v1.0.10
[INFO] [stderr]    Compiling itoa v1.0.2
[INFO] [stderr]    Compiling opaque-debug v0.3.0
[INFO] [stderr]    Compiling bs58 v0.3.1
[INFO] [stderr]    Compiling crossbeam-utils v0.8.11
[INFO] [stderr]    Compiling memoffset v0.6.5
[INFO] [stderr]    Compiling log v0.4.17
[INFO] [stderr]    Compiling crossbeam-epoch v0.9.10
[INFO] [stderr]    Compiling getrandom v0.1.16
[INFO] [stderr]    Compiling rayon-core v1.9.3
[INFO] [stderr]    Compiling heck v0.3.3
[INFO] [stderr]    Compiling wasm-bindgen-shared v0.2.81
[INFO] [stderr]    Compiling rayon v1.5.3
[INFO] [stderr]    Compiling ahash v0.7.6
[INFO] [stderr]    Compiling memchr v2.5.0
[INFO] [stderr]    Compiling rustc_version v0.4.0
[INFO] [stderr]    Compiling feature-probe v0.1.1
[INFO] [stderr]     Checking either v1.7.0
[INFO] [stderr]    Compiling lazy_static v1.4.0
[INFO] [stderr]    Compiling bumpalo v3.10.0
[INFO] [stderr]    Compiling rustversion v1.0.8
[INFO] [stderr]     Checking bitmaps v2.1.0
[INFO] [stderr]    Compiling im v15.1.0
[INFO] [stderr]     Checking rand_core v0.6.3
[INFO] [stderr]    Compiling bv v0.11.1
[INFO] [stderr]    Compiling cc v1.0.73
[INFO] [stderr]     Checking rand_xoshiro v0.6.0
[INFO] [stderr]    Compiling solana-frozen-abi-macro v1.10.32
[INFO] [stderr]    Compiling solana-frozen-abi v1.10.32
[INFO] [stderr]     Checking crossbeam-channel v0.5.6
[INFO] [stderr]     Checking num_cpus v1.13.1
[INFO] [stderr]     Checking crossbeam-deque v0.8.2
[INFO] [stderr]     Checking getrandom v0.2.7
[INFO] [stderr]    Compiling num-traits v0.2.15
[INFO] [stderr]     Checking rand_core v0.5.1
[INFO] [stderr]    Compiling wasm-bindgen v0.2.81
[INFO] [stderr]     Checking arrayref v0.3.6
[INFO] [stderr]    Compiling bs58 v0.4.0
[INFO] [stderr]     Checking memmap2 v0.5.5
[INFO] [stderr]    Compiling solana-program v1.10.32
[INFO] [stderr]     Checking rand_chacha v0.2.2
[INFO] [stderr]     Checking keccak v0.1.2
[INFO] [stderr]     Checking byteorder v1.4.3
[INFO] [stderr]    Compiling regex-syntax v0.6.27
[INFO] [stderr]     Checking arrayvec v0.7.2
[INFO] [stderr]     Checking constant_time_eq v0.1.5
[INFO] [stderr]     Checking zeroize v1.3.0
[INFO] [stderr]     Checking sized-chunks v0.6.5
[INFO] [stderr]    Compiling aho-corasick v0.7.18
[INFO] [stderr]     Checking base64 v0.12.3
[INFO] [stderr]     Checking hashbrown v0.11.2
[INFO] [stderr]     Checking rand v0.7.3
[INFO] [stderr]     Checking itertools v0.10.3
[INFO] [stderr]    Compiling blake3 v1.3.1
[INFO] [stderr]    Compiling regex v1.6.0
[INFO] [stderr]    Compiling wasm-bindgen-backend v0.2.81
[INFO] [stderr]    Compiling borsh-schema-derive-internal v0.9.3
[INFO] [stderr]    Compiling borsh-derive-internal v0.9.3
[INFO] [stderr]    Compiling thiserror-impl v1.0.31
[INFO] [stderr]    Compiling bytemuck_derive v1.1.1
[INFO] [stderr]    Compiling solana-sdk-macro v1.10.32
[INFO] [stderr]    Compiling num-derive v0.3.3
[INFO] [stderr]    Compiling wasm-bindgen-macro-support v0.2.81
[INFO] [stderr]    Compiling wasm-bindgen-macro v0.2.81
[INFO] [stderr]     Checking bytemuck v1.11.0
[INFO] [stderr]    Compiling thiserror v1.0.31
[INFO] [stderr]     Checking serde_bytes v0.11.6
[INFO] [stderr]     Checking bincode v1.3.3
[INFO] [stderr]    Compiling toml v0.5.9
[INFO] [stderr]     Checking digest v0.9.0
[INFO] [stderr]     Checking block-buffer v0.10.2
[INFO] [stderr]     Checking crypto-common v0.1.6
[INFO] [stderr]     Checking crypto-mac v0.8.0
[INFO] [stderr]     Checking block-buffer v0.9.0
[INFO] [stderr]     Checking hmac v0.8.1
[INFO] [stderr]     Checking libsecp256k1-core v0.2.2
[INFO] [stderr]     Checking sha2 v0.9.9
[INFO] [stderr]     Checking curve25519-dalek v3.2.1
[INFO] [stderr]     Checking digest v0.10.3
[INFO] [stderr]     Checking hmac-drbg v0.3.0
[INFO] [stderr]     Checking sha2 v0.10.2
[INFO] [stderr]     Checking sha3 v0.10.1
[INFO] [stderr]    Compiling proc-macro-crate v0.1.5
[INFO] [stderr]    Compiling anchor-syn v0.25.0
[INFO] [stderr]    Compiling borsh-derive v0.9.3
[INFO] [stderr]    Compiling libsecp256k1-gen-ecmult v0.2.1
[INFO] [stderr]    Compiling libsecp256k1-gen-genmult v0.2.1
[INFO] [stderr]    Compiling libsecp256k1 v0.6.0
[INFO] [stderr]     Checking borsh v0.9.3
[INFO] [stderr]    Compiling anchor-attribute-error v0.25.0
[INFO] [stderr]    Compiling anchor-attribute-account v0.25.0
[INFO] [stderr]    Compiling anchor-attribute-event v0.25.0
[INFO] [stderr]    Compiling anchor-derive-accounts v0.25.0
[INFO] [stderr]    Compiling anchor-attribute-program v0.25.0
[INFO] [stderr]    Compiling anchor-attribute-state v0.25.0
[INFO] [stderr]    Compiling anchor-attribute-constant v0.25.0
[INFO] [stderr]    Compiling anchor-attribute-interface v0.25.0
[INFO] [stderr]    Compiling anchor-attribute-access-control v0.25.0
[INFO] [stderr]     Checking anchor-lang v0.25.0
[INFO] [stderr]     Checking AnchirAPp v0.1.0 (/opt/rustwide/workdir/programs/AnchirAPp)
[INFO] [stdout] error: space must be provided with init
[INFO] [stdout]   --> programs/AnchirAPp/src/lib.rs:52:9
[INFO] [stdout]    |
[INFO] [stdout] 52 |         init,
[INFO] [stdout]    |         ^^^^
[INFO] [stdout] 
[INFO] [stdout] 
[INFO] [stdout] error: space must be provided with init
[INFO] [stdout]   --> programs/AnchirAPp/src/lib.rs:52:9
[INFO] [stdout]    |
[INFO] [stdout] 52 |         init,
[INFO] [stdout]    |         ^^^^
[INFO] [stdout] 
[INFO] [stdout] 
[INFO] [stdout] error[E0432]: unresolved import `crate`
[INFO] [stdout]  --> programs/AnchirAPp/src/lib.rs:7:1
[INFO] [stdout]   |
[INFO] [stdout] 7 | #[program]
[INFO] [stdout]   | ^^^^^^^^^^ could not find `__client_accounts_wallet_transaktion` in the crate root
[INFO] [stdout]   |
[INFO] [stdout]   = note: this error originates in the attribute macro `program` (in Nightly builds, run with -Z macro-backtrace for more info)
[INFO] [stdout] 
[INFO] [stdout] 
[INFO] [stdout] error[E0432]: unresolved import `crate`
[INFO] [stdout]  --> programs/AnchirAPp/src/lib.rs:7:1
[INFO] [stdout]   |
[INFO] [stdout] 7 | #[program]
[INFO] [stdout]   | ^^^^^^^^^^ could not find `__client_accounts_wallet_transaktion` in the crate root
[INFO] [stdout]   |
[INFO] [stdout]   = note: this error originates in the attribute macro `program` (in Nightly builds, run with -Z macro-backtrace for more info)
[INFO] [stdout] 
[INFO] [stdout] 
[INFO] [stdout] warning: type `walletTransaktion` should have an upper camel case name
[INFO] [stdout]   --> programs/AnchirAPp/src/lib.rs:48:12
[INFO] [stdout]    |
[INFO] [stdout] 48 | pub struct walletTransaktion<'info> {
[INFO] [stdout]    |            ^^^^^^^^^^^^^^^^^ help: convert the identifier to upper camel case (notice the capitalization): `WalletTransaktion`
[INFO] [stdout]    |
[INFO] [stdout]    = note: `#[warn(non_camel_case_types)]` on by default
[INFO] [stdout] 
[INFO] [stdout] 
[INFO] [stdout] warning: type `walletTransaktion` should have an upper camel case name
[INFO] [stdout]   --> programs/AnchirAPp/src/lib.rs:48:12
[INFO] [stdout]    |
[INFO] [stdout] 48 | pub struct walletTransaktion<'info> {
[INFO] [stdout]    |            ^^^^^^^^^^^^^^^^^ help: convert the identifier to upper camel case (notice the capitalization): `WalletTransaktion`
[INFO] [stdout]    |
[INFO] [stdout]    = note: `#[warn(non_camel_case_types)]` on by default
[INFO] [stdout] 
[INFO] [stdout] 
[INFO] [stdout] error[E0599]: no function or associated item named `try_accounts` found for struct `walletTransaktion` in the current scope
[INFO] [stdout]   --> programs/AnchirAPp/src/lib.rs:7:1
[INFO] [stdout]    |
[INFO] [stdout] 7  | #[program]
[INFO] [stdout]    | ^^^^^^^^^^ function or associated item not found in `walletTransaktion<'_>`
[INFO] [stdout] ...
[INFO] [stdout] 48 | pub struct walletTransaktion<'info> {
[INFO] [stdout]    | ----------------------------------- function or associated item `try_accounts` not found for this struct
[INFO] [stdout]    |
[INFO] [stdout]    = help: items from traits can only be used if the trait is implemented and in scope
[INFO] [stdout]    = note: the following trait defines an item `try_accounts`, perhaps you need to implement it:
[INFO] [stdout]            candidate #1: `anchor_lang::Accounts`
[INFO] [stdout]    = note: this error originates in the attribute macro `program` (in Nightly builds, run with -Z macro-backtrace for more info)
[INFO] [stdout] 
[INFO] [stdout] 
[INFO] [stdout] error[E0599]: no function or associated item named `try_accounts` found for struct `walletTransaktion` in the current scope
[INFO] [stdout]   --> programs/AnchirAPp/src/lib.rs:7:1
[INFO] [stdout]    |
[INFO] [stdout] 7  | #[program]
[INFO] [stdout]    | ^^^^^^^^^^ function or associated item not found in `walletTransaktion<'_>`
[INFO] [stdout] ...
[INFO] [stdout] 48 | pub struct walletTransaktion<'info> {
[INFO] [stdout]    | ----------------------------------- function or associated item `try_accounts` not found for this struct
[INFO] [stdout]    |
[INFO] [stdout]    = help: items from traits can only be used if the trait is implemented and in scope
[INFO] [stdout]    = note: the following trait defines an item `try_accounts`, perhaps you need to implement it:
[INFO] [stdout]            candidate #1: `anchor_lang::Accounts`
[INFO] [stdout]    = note: this error originates in the attribute macro `program` (in Nightly builds, run with -Z macro-backtrace for more info)
[INFO] [stdout] 
[INFO] [stdout] 
[INFO] [stdout] error[E0277]: the trait bound `walletTransaktion<'_>: anchor_lang::Accounts<'_>` is not satisfied
[INFO] [stdout]   --> programs/AnchirAPp/src/lib.rs:7:1
[INFO] [stdout]    |
[INFO] [stdout] 7  | #[program]
[INFO] [stdout]    | ^^^^^^^^^^ the trait `anchor_lang::Accounts<'_>` is not implemented for `walletTransaktion<'_>`
[INFO] [stdout]    |
[INFO] [stdout]    = help: the following other types implement trait `anchor_lang::Accounts<'info>`:
[INFO] [stdout]              AccountLoader<'info, T>
[INFO] [stdout]              Box<T>
[INFO] [stdout]              CpiAccount<'info, T>
[INFO] [stdout]              CpiState<'info, T>
[INFO] [stdout]              CreateNonceAccount<'info>
[INFO] [stdout]              CreateNonceAccountWithSeed<'info>
[INFO] [stdout]              CreateUserSocials<'info>
[INFO] [stdout]              Ctor<'info>
[INFO] [stdout]            and 25 others
[INFO] [stdout] note: required by a bound in `anchor_lang::context::Context::<'a, 'b, 'c, 'info, T>::new`
[INFO] [stdout]   --> /opt/rustwide/cargo-home/registry/src/index.crates.io-6f17d22bba15001f/anchor-lang-0.25.0/src/context.rs:50:28
[INFO] [stdout]    |
[INFO] [stdout] 50 | impl<'a, 'b, 'c, 'info, T: Accounts<'info>> Context<'a, 'b, 'c, 'info, T> {
[INFO] [stdout]    |                            ^^^^^^^^^^^^^^^ required by this bound in `Context::<'a, 'b, 'c, 'info, T>::new`
[INFO] [stdout] 51 |     pub fn new(
[INFO] [stdout]    |            --- required by a bound in this associated function
[INFO] [stdout]    = note: this error originates in the attribute macro `program` (in Nightly builds, run with -Z macro-backtrace for more info)
[INFO] [stdout] 
[INFO] [stdout] 
[INFO] [stdout] error[E0277]: the trait bound `walletTransaktion<'_>: anchor_lang::Accounts<'_>` is not satisfied
[INFO] [stdout]   --> programs/AnchirAPp/src/lib.rs:7:1
[INFO] [stdout]    |
[INFO] [stdout] 7  | #[program]
[INFO] [stdout]    | ^^^^^^^^^^ the trait `anchor_lang::Accounts<'_>` is not implemented for `walletTransaktion<'_>`
[INFO] [stdout]    |
[INFO] [stdout]    = help: the following other types implement trait `anchor_lang::Accounts<'info>`:
[INFO] [stdout]              AccountLoader<'info, T>
[INFO] [stdout]              Box<T>
[INFO] [stdout]              CpiAccount<'info, T>
[INFO] [stdout]              CpiState<'info, T>
[INFO] [stdout]              CreateNonceAccount<'info>
[INFO] [stdout]              CreateNonceAccountWithSeed<'info>
[INFO] [stdout]              CreateUserSocials<'info>
[INFO] [stdout]              Ctor<'info>
[INFO] [stdout]            and 25 others
[INFO] [stdout] note: required by a bound in `anchor_lang::context::Context::<'a, 'b, 'c, 'info, T>::new`
[INFO] [stdout]   --> /opt/rustwide/cargo-home/registry/src/index.crates.io-6f17d22bba15001f/anchor-lang-0.25.0/src/context.rs:50:28
[INFO] [stdout]    |
[INFO] [stdout] 50 | impl<'a, 'b, 'c, 'info, T: Accounts<'info>> Context<'a, 'b, 'c, 'info, T> {
[INFO] [stdout]    |                            ^^^^^^^^^^^^^^^ required by this bound in `Context::<'a, 'b, 'c, 'info, T>::new`
[INFO] [stdout] 51 |     pub fn new(
[INFO] [stdout]    |            --- required by a bound in this associated function
[INFO] [stdout]    = note: this error originates in the attribute macro `program` (in Nightly builds, run with -Z macro-backtrace for more info)
[INFO] [stdout] 
[INFO] [stdout] 
[INFO] [stdout] error: aborting due to 4 previous errors; 1 warning emitted
[INFO] [stdout] 
[INFO] [stdout] 
[INFO] [stdout] error: aborting due to 4 previous errors; 1 warning emitted
[INFO] [stdout] 
[INFO] [stdout] 
[INFO] [stdout] Some errors have detailed explanations: E0277, E0432, E0599.
[INFO] [stdout] 
[INFO] [stdout] Some errors have detailed explanations: E0277, E0432, E0599.
[INFO] [stdout] 
[INFO] [stdout] For more information about an error, try `rustc --explain E0277`.
[INFO] [stdout] 
[INFO] [stdout] For more information about an error, try `rustc --explain E0277`.
[INFO] [stdout] 
[INFO] [stderr] error: could not compile `AnchirAPp` (lib) due to 5 previous errors; 1 warning emitted
[INFO] [stderr] warning: build failed, waiting for other jobs to finish...
[INFO] [stderr] error: could not compile `AnchirAPp` (lib test) due to 5 previous errors; 1 warning emitted
[INFO] running `Command { std: "docker" "inspect" "1949cbe07c7eb12955cc0ac73dd20d1c829f85ab5b5da32bb00dddbb1363ec89", kill_on_drop: false }`
[INFO] running `Command { std: "docker" "rm" "-f" "1949cbe07c7eb12955cc0ac73dd20d1c829f85ab5b5da32bb00dddbb1363ec89", kill_on_drop: false }`
[INFO] [stdout] 1949cbe07c7eb12955cc0ac73dd20d1c829f85ab5b5da32bb00dddbb1363ec89
